ulate the highest common factor of b and r.
6
Let f = 261 + -153. Calculate the highest common divisor of f and 24.
12
Suppose 0 = -7*o + 403 - 130. Suppose 0 = 43*s - o*s - 192. Suppose 0*x + 288 = 4*x. What is the highest common factor of x and s?
24
Suppose -2*s = -1 + 11, 4*n - 50 = 2*s. Let i be ((-20)/(-16))/(2/80). What is the highest common divisor of n and i?
10
Let g be 3/(-2*(-3)/(-4)). Let s = 6 + g. Suppose -s*t = 2*p - 86, 3*t + 0*p = -5*p + 47. What is the greatest common factor of 16 and t?
8
Suppose -4*a + 6*a = 110. Let o be -3 - (-26 - 4)/3. Suppose 0 = 4*h - l - 12 - 33, 4*l = -h + o. What is the greatest common divisor of h and a?
11
Let k(j) = 35*j**2 - j - 2. Let b be (-11 - -15)/(2*1). Let s be k(b). Calculate the highest common factor of s and 17.
17
Let t = -32 - -35. Let x be (-3)/(-1)*56/3. Let v be (-18)/(-54) + x/t. Calculate the highest common divisor of v and 57.
19
Suppose 5*a = 33 + 7. Suppose 0 = 8*k - 4988 + 4668. Calculate the greatest common factor of k and a.
8
Suppose -s = -3*u + 326, 159 = 5*u + s - 379. Let g(z) = z**3 - 5*z**2 + 2*z + 2. Let o be g(5). What is the highest common factor of u and o?
12
Suppose -5*b = -15, -183*o + 179*o = -4*b - 1568. What is the greatest common divisor of o and 711?
79
Let d(f) = f**2 - 2*f - 8. Let b be d(-2). Suppose b = 2*m + 4*m - 294. What is the highest common divisor of m and 14?
7
Let s = -275 - -296. Calculate the highest common divisor of 105 and s.
21
Suppose -4*u = -56 - 8. Calculate the greatest common divisor of u and 2.
2
Let d be (19/(-3))/((-1)/12). Let a = 478 - 459. What is the highest common factor of d and a?
19
Suppose 0 = 5*v - 8*v + 36. Suppose -3*y - v = -24. Calculate the greatest common factor of 6 and y.
2
Let w(u) = 724*u + 50. Let n be w(1). Calculate the greatest common factor of n and 36.
18
Let m be (-5)/(-5)*(-1 + 1). Suppose 0 = -2*t + 4*j + 8, m*t = -3*t + 5*j + 11. Suppose -t = -2*z - 0*z. What is the highest common factor of z and 4?
1
Suppose -271 - 4 = 11*d. Let i be 4*1/20*-8*d. Suppose -2*o + 151 + 49 = 0. What is the greatest common factor of i and o?
20
Suppose 7*i - 2*i - 1275 = 0. Let t = -130 + i. Suppose 7*z - 2*z - t = 0. Calculate the highest common divisor of 225 and z.
25
Let o be (-1)/(10/265)*-4. Let g be 318/(-1)*(-1)/2. What is the greatest common factor of g and o?
53
Suppose -1564 - 48497 = -33*b. Calculate the highest common divisor of 37 and b.
37
Suppose -6*c + 77 = -19. Suppose v + 3*w = -2*w - c, 4*w + 28 = 3*v. What is the highest common factor of v and 6?
2
Let a(o) = 13*o - 66. Let b be a(8). Let j = b - 8. Calculate the greatest common factor of j and 6.
6
Let w be (-3 + 5)*4/(-8). Let o be (1 - 0)*w - -8. What is the greatest common factor of o and 77?
7
Let f = -20 + 23. Suppose -5*a + 263 = -i - 2*i, 0 = f*i - 12. Let o(j) = -j**2 + 7*j - 5. Let l be o(5). Calculate the highest common factor of l and a.
5
Let i = 911 + -639. Calculate the highest common divisor of i and 32.
16
Let a(z) = -z**3 - 4*z**2 + 3*z + 2. Let d be a(-5). What is the highest common factor of 120 and d?
12
Let p be 1/((-4)/14)*(-1 + -49). Let z = p + -91. What is the greatest common divisor of 56 and z?
28
Suppose 2*l + 265 - 293 = -5*k, -92 = -3*l + 5*k. Suppose -3*j - 15 = -51. What is the highest common factor of j and l?
12
Let o(p) = 2*p. Let m be o(6). Let b(y) = -y - 10. Let x be b(-13). Suppose -96 = x*i - 4*i. Calculate the highest common factor of i and m.
12
Suppose -n + 18 + 83 = 0. What is the highest common divisor of 303 and n?
101
Let x(b) = -2*b**2 + 6*b + 6. Let y be x(6). Let w = 36 + y. Suppose w*g = 1201 + 977. Calculate the highest common divisor of g and 33.
33
Let m = -117 + 219. Calculate the greatest common divisor of 153 and m.
51
Let j(n) = -2*n - 30. Let v be (-6)/(-3) - 0 - (-20)/(-1). Let b be j(v). Let l be -10*(-3)/1 + 0. What is the greatest common factor of b and l?
6
Let w(z) = -2*z - 26. Let j be w(-14). Suppose -4*q + 5*n - 2 = -4, 0 = -4*q + n + 10. What is the highest common factor of q and j?
1
Suppose 64*z + 2 = 65*z. What is the greatest common factor of 106 and z?
2
Let y(w) = w**2 - 6*w + 6. Let x be 2/((-3)/(21/2)). Let f = -2 - x. Let a be y(f). Calculate the highest common factor of 8 and a.
1
Let y = -5489 - -5518. Suppose 125 = 2*m - 107. What is the greatest common divisor of y and m?
29
Let u(z) = -21 - 25 - 23 + 6*z + 54. Let q be u(5). Calculate the highest common divisor of 165 and q.
15
Let w be 4/((-1)/(2 - 3)). Let v be w/22 - 456/(-33). Let y = v - 2. Calculate the highest common factor of y and 30.
6
Let u = 70 + 10. Let t = u - -22. Calculate the greatest common factor of t and 17.
17
Let v = 108 + -102. Let a be (3/2)/((-2)/(-20)). Calculate the highest common factor of v and a.
3
Suppose -3*w + 337 + 59 = 0. Calculate the greatest common divisor of w and 308.
44
Suppose -5*l + 344 = -4*u, -3*u - 196 = -3*l + 2*u. Let x(w) = 10*w - 51. Let a be x(6). What is the highest common divisor of a and l?
9
Suppose 5*j = -l + 105, -33*l + 10 = -31*l. What is the greatest common divisor of j and 24?
4
Let f(l) = 14*l - 7. Let n be f(12). Calculate the highest common divisor of n and 14.
7
Suppose 19*h - 17*h = 12. Calculate the highest common divisor of 156 and h.
6
Let z = -899 - -1141. What is the greatest common divisor of z and 308?
22
Suppose 0 = 5*c - s - 303 - 376, 0 = 5*c - 4*s - 691. Suppose -5*r + 97 - 22 = 0. What is the greatest common divisor of r and c?
15
Suppose 260*n = -45 + 636 + 969. Let k be (0 - 0)/(-2) - -2. Let l be k*-1 - 68*-1. Calculate the highest common divisor of n and l.
6
Let z be (-4)/(-4)*-3*1. Let l be z*(488/(-12) + 4). What is the highest common factor of 10 and l?
10
Let n(m) = 39*m - 37. Let a be n(4). What is the greatest common divisor of a and 14?
7
Let u(s) = 2*s + 33. Let o be u(-11). Let b = -24 - -35. What is the highest common divisor of o and b?
11
Let k(a) = 2*a**2 + 4*a - 79. Let n be k(17). Calculate the greatest common factor of 21 and n.
21
Suppose -8*g + 3*g = -240. Calculate the greatest common divisor of 8 and g.
8
Let a be (-1*(5 + -11))/((-6)/(-4)). Suppose 2*x + x = 6, 5*x - 98 = -a*l. Calculate the greatest common factor of 44 and l.
22
Suppose r = -5*f + 49, -5*f + 91 = 2*r - 2*f. Calculate the greatest common factor of 11 and r.
11
Suppose -g + 2*b + 56 = 4*b, 240 = 4*g + 4*b. Calculate the highest common divisor of 512 and g.
64
Let q(i) = 19*i**2 + 5*i - 16. Let t be q(2). Calculate the greatest common divisor of 315 and t.
35
Let r = 8 + -5. Suppose -3*n = -x + 7 - 55, -4*x - 42 = -2*n. Calculate the greatest common divisor of r and n.
3
Let k be (-38)/(-3)*2/4*3. Suppose -7*x + 180 = k. What is the highest common divisor of x and 69?
23
Let i be (0 + -3 + 3)/1. Let q(j) = j**2 + 12. Let h be q(i). Let s(p) = 11*p - 4. Let u be s(8). What is the highest common divisor of h and u?
12
Let w(n) = -10*n - 62. Let z be w(-35). What is the highest common divisor of z and 36?
36
Let w = 47 - 28. Suppose -2*n - 5*r = -4 - 21, r = 2*n - w. What is the highest common factor of 6 and n?
2
Let r = 0 + 2. Let a(p) = -p - 2. Let d be a(4). Let z be d/3 + (9 - 5). Calculate the greatest common divisor of z and r.
2
Suppose -5 = 6*h + 31. Let n be h/5*70/(-3). Calculate the highest common factor of 70 and n.
14
Let f be (42/9)/(7 + 1030/(-150)). Calculate the highest common divisor of 630 and f.
35
Let x(l) = l**3 + 9*l**2 - 3*l - 12. Let k be x(-9). Suppose 19*b = k*b + 20. What is the highest common divisor of 40 and b?
5
Let q(j) = 12*j - 84. Let d be q(15). Calculate the greatest common divisor of 36 and d.
12
Suppose -3*i = 3*i - 18. Suppose 0 = i*j - 2*j - 8. Calculate the greatest common factor of j and 28.
4
Let i(y) = 4*y**2 + y. Let f be i(-1). Let l be (-10 + 1)*7/(-3). Calculate the greatest common factor of f and l.
3
Let a be -4*1*(-11 + 9). Let k = -60 - -62. What is the highest common divisor of k and a?
2
Let t(r) = -13 + 7*r + 8*r - 2*r - 2*r. Let j be t(-15). Let w = j - -254. Calculate the greatest common divisor of 19 and w.
19
Let s be 56 - (-3 - 0 - 1). Let l be (4/6)/((-6)/(-270)). Calculate the greatest common factor of l and s.
30
Suppose -2*f = -238 - 176. Calculate the greatest common divisor of f